{"id":770,"date":"2024-05-01T19:07:20","date_gmt":"2024-05-01T17:07:20","guid":{"rendered":"https:\/\/42cbd.com\/?page_id=770"},"modified":"2024-05-01T19:08:11","modified_gmt":"2024-05-01T17:08:11","slug":"les-effets-benefiques-du-cbn-sur-votre-sante","status":"publish","type":"page","link":"https:\/\/42cbd.com\/index.php\/les-effets-benefiques-du-cbn-sur-votre-sante\/","title":{"rendered":"Les effets b\u00e9n\u00e9fiques du CBN sur votre sant\u00e9"},"content":{"rendered":"\n<p>Le cannabinol, ou CBN, est un cannabino\u00efde mineur pr\u00e9sent dans le cannabis. Il est souvent consid\u00e9r\u00e9 comme \u00e9tant le produit de la d\u00e9gradation du t\u00e9trahydrocannabinol (THC) sous l&#8217;effet de la lumi\u00e8re et de l&#8217;oxyg\u00e8ne, bien que certaines souches de cannabis puissent produire du CBN \u00e0 des niveaux plus \u00e9lev\u00e9s d\u00e8s le d\u00e9part. <\/p>\n\n\n\n<figure class=\"wp-block-image size-full\"><img loading=\"lazy\" decoding=\"async\" width=\"1024\" height=\"576\" src=\"https:\/\/42cbd.com\/wp-content\/uploads\/2024\/05\/cbd-cbn-cannabinoide-bien-etre-sante-sommeil.jpg\" alt=\"\" class=\"wp-image-772\" srcset=\"https:\/\/42cbd.com\/wp-content\/uploads\/2024\/05\/cbd-cbn-cannabinoide-bien-etre-sante-sommeil.jpg 1024w, https:\/\/42cbd.com\/wp-content\/uploads\/2024\/05\/cbd-cbn-cannabinoide-bien-etre-sante-sommeil-300x169.jpg 300w, https:\/\/42cbd.com\/wp-content\/uploads\/2024\/05\/cbd-cbn-cannabinoide-bien-etre-sante-sommeil-768x432.jpg 768w, https:\/\/42cbd.com\/wp-content\/uploads\/2024\/05\/cbd-cbn-cannabinoide-bien-etre-sante-sommeil-800x450.jpg 800w, https:\/\/42cbd.com\/wp-content\/uploads\/2024\/05\/cbd-cbn-cannabinoide-bien-etre-sante-sommeil-600x338.jpg 600w\" sizes=\"(max-width: 1024px) 100vw, 1024px\" \/><\/figure>\n\n\n\n<div style=\"height:23px\" aria-hidden=\"true\" class=\"wp-block-spacer\"><\/div>\n\n\n\n<p>Voici quelques-uns des effets associ\u00e9s au CBN :<\/p>\n\n\n\n<ol>\n<li><strong>S\u00e9dation et somnolence<\/strong> : Le CBN est souvent associ\u00e9 \u00e0 des effets s\u00e9datifs et hypnotiques. Certaines \u00e9tudes sugg\u00e8rent qu&#8217;il pourrait \u00eatre utile comme aide au sommeil, bien que les preuves \u00e0 cet \u00e9gard soient encore limit\u00e9es.<\/li>\n\n\n\n<li><strong>Effets analg\u00e9siques<\/strong> : Comme d&#8217;autres cannabino\u00efdes, le CBN peut avoir des propri\u00e9t\u00e9s analg\u00e9siques, ce qui signifie qu&#8217;il pourrait aider \u00e0 soulager la douleur. Cependant, la recherche sur ce point est encore en cours.<\/li>\n\n\n\n<li><strong>Anti-inflammatoire<\/strong> : Des \u00e9tudes pr\u00e9liminaires sugg\u00e8rent que le CBN pourrait avoir des propri\u00e9t\u00e9s anti-inflammatoires, bien que des recherches suppl\u00e9mentaires soient n\u00e9cessaires pour comprendre pleinement cet aspect.<\/li>\n\n\n\n<li><strong>App\u00e9tit stimul\u00e9<\/strong> : Bien que le THC soit plus couramment associ\u00e9 \u00e0 l&#8217;augmentation de l&#8217;app\u00e9tit (l&#8217;effet &#8220;mangeaille&#8221;), certaines recherches sugg\u00e8rent que le CBN pourrait \u00e9galement avoir un l\u00e9ger effet stimulant sur l&#8217;app\u00e9tit.<\/li>\n\n\n\n<li><strong>Effets psychotropes limit\u00e9s<\/strong> : Compar\u00e9 au THC, le CBN est g\u00e9n\u00e9ralement consid\u00e9r\u00e9 comme ayant des effets psychotropes moins prononc\u00e9s. Cependant, en raison de ses effets s\u00e9datifs, une consommation importante de CBN pourrait provoquer une somnolence ou une confusion accrue chez certaines personnes.<\/li>\n<\/ol>\n\n\n\n<div style=\"height:84px\" aria-hidden=\"true\" class=\"wp-block-spacer\"><\/div>\n\n\n\n<div class=\"wp-block-columns is-layout-flex wp-container-core-columns-layout-1 wp-block-columns-is-layout-flex\">\n<div class=\"wp-block-column is-layout-flow wp-block-column-is-layout-flow\" style=\"flex-basis:25%\">\n<figure class=\"wp-block-image size-full\"><a href=\"https:\/\/42cbd.com\/index.php\/product\/huile-de-chanvre-thccbn-budah-bud\/\"><img loading=\"lazy\" decoding=\"async\" width=\"650\" height=\"650\" src=\"http:\/\/42cbd.com\/wp-content\/uploads\/2024\/04\/huile-chanvre-bio-suisse-budah-bud-relaxa.jpg\" alt=\"\" class=\"wp-image-758\" srcset=\"https:\/\/42cbd.com\/wp-content\/uploads\/2024\/04\/huile-chanvre-bio-suisse-budah-bud-relaxa.jpg 650w, https:\/\/42cbd.com\/wp-content\/uploads\/2024\/04\/huile-chanvre-bio-suisse-budah-bud-relaxa-300x300.jpg 300w, https:\/\/42cbd.com\/wp-content\/uploads\/2024\/04\/huile-chanvre-bio-suisse-budah-bud-relaxa-150x150.jpg 150w, https:\/\/42cbd.com\/wp-content\/uploads\/2024\/04\/huile-chanvre-bio-suisse-budah-bud-relaxa-600x600.jpg 600w, https:\/\/42cbd.com\/wp-content\/uploads\/2024\/04\/huile-chanvre-bio-suisse-budah-bud-relaxa-100x100.jpg 100w\" sizes=\"(max-width: 650px) 100vw, 650px\" \/><\/a><\/figure>\n<\/div>\n\n\n\n<div class=\"wp-block-column is-layout-flow wp-block-column-is-layout-flow\" style=\"flex-basis:66.66%\">\n<h3 class=\"wp-block-heading\">Relaxa: une huile de chanvre apaisante (THC + CBN)<\/h3>\n\n\n\n<p>42 CBD propose l&#8217;huile Budah Bud Relaxa, <strong> <\/strong>une <strong>Huile de Chanvre Biologique Suisse \u00ab&nbsp;Indoor&nbsp;\u00bb<\/strong>, une fusion parfaite de <strong>THC<\/strong> et de <strong>CBN<\/strong>, offrant une exp\u00e9rience de bien-\u00eatre exceptionnelle. Le THC, c\u00e9l\u00e8bre pour ses propri\u00e9t\u00e9s relaxantes et euphorisantes, agit en tandem avec le CBN, un <strong>cannabino\u00efde<\/strong> r\u00e9put\u00e9 pour son effet s\u00e9datif et apaisant. Ensemble, ils cr\u00e9ent une synergie puissante, soulageant le stress et favorisant un <strong>sommeil<\/strong> r\u00e9parateur. Plongez dans un oc\u00e9an de tranquillit\u00e9 avec notre Huile de Chanvre Biologique Suisse \u00ab&nbsp;Indoor&nbsp;\u00bb et red\u00e9couvrez le vrai sens du repos et de la <strong>d\u00e9tente<\/strong>. <\/p>\n\n\n\n<div class=\"wp-block-buttons is-content-justification-center is-layout-flex wp-container-core-buttons-layout-1 wp-block-buttons-is-layout-flex\">\n<div class=\"wp-block-button is-style-outline\"><a class=\"wp-block-button__link has-white-background-color has-text-color has-background has-link-color has-text-align-center wp-element-button\" href=\"https:\/\/42cbd.com\/index.php\/product\/huile-de-chanvre-thccbn-budah-bud\/\" style=\"color:#048c0f\">Commander<\/a><\/div>\n<\/div>\n<\/div>\n<\/div>\n","protected":false},"excerpt":{"rendered":"<p>Le cannabinol, ou CBN, est un cannabino\u00efde mineur pr\u00e9sent dans le cannabis. Il est souvent consid\u00e9r\u00e9 comme \u00e9tant le produit de la d\u00e9gradation du t\u00e9trahydrocannabinol (THC) sous l&#8217;effet de la lumi\u00e8re et de l&#8217;oxyg\u00e8ne, bien que certaines souches de cannabis puissent produire du CBN \u00e0 des niveaux plus \u00e9lev\u00e9s d\u00e8s le d\u00e9part. Voici quelques-uns des [&hellip;]<\/p>\n","protected":false},"author":1,"featured_media":0,"parent":0,"menu_order":0,"comment_status":"closed","ping_status":"closed","template":"","meta":{"ocean_post_layout":"","ocean_both_sidebars_style":"","ocean_both_sidebars_content_width":0,"ocean_both_sidebars_sidebars_width":0,"ocean_sidebar":"","ocean_second_sidebar":"","ocean_disable_margins":"enable","ocean_add_body_class":"","ocean_shortcode_before_top_bar":"","ocean_shortcode_after_top_bar":"","ocean_shortcode_before_header":"","ocean_shortcode_after_header":"","ocean_has_shortcode":"","ocean_shortcode_after_title":"","ocean_shortcode_before_footer_widgets":"","ocean_shortcode_after_footer_widgets":"","ocean_shortcode_before_footer_bottom":"","ocean_shortcode_after_footer_bottom":"","ocean_display_top_bar":"default","ocean_display_header":"default","ocean_header_style":"","ocean_center_header_left_menu":"","ocean_custom_header_template":"","ocean_custom_logo":0,"ocean_custom_retina_logo":0,"ocean_custom_logo_max_width":0,"ocean_custom_logo_tablet_max_width":0,"ocean_custom_logo_mobile_max_width":0,"ocean_custom_logo_max_height":0,"ocean_custom_logo_tablet_max_height":0,"ocean_custom_logo_mobile_max_height":0,"ocean_header_custom_menu":"","ocean_menu_typo_font_family":"","ocean_menu_typo_font_subset":"","ocean_menu_typo_font_size":0,"ocean_menu_typo_font_size_tablet":0,"ocean_menu_typo_font_size_mobile":0,"ocean_menu_typo_font_size_unit":"px","ocean_menu_typo_font_weight":"","ocean_menu_typo_font_weight_tablet":"","ocean_menu_typo_font_weight_mobile":"","ocean_menu_typo_transform":"","ocean_menu_typo_transform_tablet":"","ocean_menu_typo_transform_mobile":"","ocean_menu_typo_line_height":0,"ocean_menu_typo_line_height_tablet":0,"ocean_menu_typo_line_height_mobile":0,"ocean_menu_typo_line_height_unit":"","ocean_menu_typo_spacing":0,"ocean_menu_typo_spacing_tablet":0,"ocean_menu_typo_spacing_mobile":0,"ocean_menu_typo_spacing_unit":"","ocean_menu_link_color":"","ocean_menu_link_color_hover":"","ocean_menu_link_color_active":"","ocean_menu_link_background":"","ocean_menu_link_hover_background":"","ocean_menu_link_active_background":"","ocean_menu_social_links_bg":"","ocean_menu_social_hover_links_bg":"","ocean_menu_social_links_color":"","ocean_menu_social_hover_links_color":"","ocean_disable_title":"default","ocean_disable_heading":"default","ocean_post_title":"","ocean_post_subheading":"","ocean_post_title_style":"","ocean_post_title_background_color":"","ocean_post_title_background":0,"ocean_post_title_bg_image_position":"","ocean_post_title_bg_image_attachment":"","ocean_post_title_bg_image_repeat":"","ocean_post_title_bg_image_size":"","ocean_post_title_height":0,"ocean_post_title_bg_overlay":0.5,"ocean_post_title_bg_overlay_color":"","ocean_disable_breadcrumbs":"default","ocean_breadcrumbs_color":"","ocean_breadcrumbs_separator_color":"","ocean_breadcrumbs_links_color":"","ocean_breadcrumbs_links_hover_color":"","ocean_display_footer_widgets":"default","ocean_display_footer_bottom":"default","ocean_custom_footer_template":"","footnotes":""},"aioseo_notices":[],"jetpack_sharing_enabled":true,"_links":{"self":[{"href":"https:\/\/42cbd.com\/index.php\/wp-json\/wp\/v2\/pages\/770"}],"collection":[{"href":"https:\/\/42cbd.com\/index.php\/wp-json\/wp\/v2\/pages"}],"about":[{"href":"https:\/\/42cbd.com\/index.php\/wp-json\/wp\/v2\/types\/page"}],"author":[{"embeddable":true,"href":"https:\/\/42cbd.com\/index.php\/wp-json\/wp\/v2\/users\/1"}],"replies":[{"embeddable":true,"href":"https:\/\/42cbd.com\/index.php\/wp-json\/wp\/v2\/comments?post=770"}],"version-history":[{"count":6,"href":"https:\/\/42cbd.com\/index.php\/wp-json\/wp\/v2\/pages\/770\/revisions"}],"predecessor-version":[{"id":778,"href":"https:\/\/42cbd.com\/index.php\/wp-json\/wp\/v2\/pages\/770\/revisions\/778"}],"wp:attachment":[{"href":"https:\/\/42cbd.com\/index.php\/wp-json\/wp\/v2\/media?parent=770"}],"curies":[{"name":"wp","href":"https:\/\/api.w.org\/{rel}","templated":true}]}}